{"id":5398,"date":"2018-07-26T13:38:01","date_gmt":"2018-07-26T13:38:01","guid":{"rendered":"https:\/\/ifcfa.org\/?page_id=5398"},"modified":"2018-12-30T10:47:42","modified_gmt":"2018-12-30T10:47:42","slug":"correspondence-membership","status":"publish","type":"page","link":"https:\/\/ifcfa.org\/hu\/correspondence-membership\/","title":{"rendered":"Levelez\u0151 Tags\u00e1g"},"content":{"rendered":"<p><strong>Az IFCFA Sz\u00f6vets\u00e9g<\/strong>\u00a0tagj\u00e1v\u00e1 olyan term\u00e9szetes szem\u00e9ly, jogi szem\u00e9ly, jogi szem\u00e9lyis\u00e9ggel nem rendelkez\u0151 gazdas\u00e1gi t\u00e1rsas\u00e1g v\u00e1lhat, aki\/amely: V\u00e1llalkoz\u00e1s Ind\u00edt\u00e1s\u00e1val, C\u00e9galap\u00edt\u00e1ssal, Sz\u00e9khelyszolg\u00e1ltat\u00e1ssal, K\u00f6nyvel\u00e9ssel, B\u00e9rsz\u00e1mfejt\u00e9ssel, K\u00f6nyvvizsg\u00e1lati- \u00e9s Sz\u00e1mviteli tev\u00e9kenys\u00e9ggel foglalkozik.<\/p>\n<p>&nbsp;<\/p>\n<p><strong>\u00d6nk\u00e9ntes alapon:<\/strong><\/p>\n<p>\u2013 nyilatkozik a bel\u00e9p\u00e9si sz\u00e1nd\u00e9kr\u00f3l,<br \/>\n\u2013 elfogadja\u00a0<strong>A Sz\u00f6vets\u00e9g\u00a0<\/strong>c\u00e9ljait, \u00e9s a\u00a0<strong>Tags\u00e1gi t\u00edpus<\/strong>sal j\u00e1r\u00f3 k\u00f6telezetts\u00e9geket<br \/>\n\u2013 fizeti az \u00e9ves tagd\u00edjat<br \/>\n\u2013 akit az IFCFA Sz\u00f6vets\u00e9g Tagozati Eln\u00f6ks\u00e9ge, a megp\u00e1ly\u00e1zott poz\u00edci\u00f3ra a tagj\u00e1v\u00e1 v\u00e1laszt<br \/>\n\u2013 akit az IFCFA Sz\u00f6vets\u00e9g Eln\u00f6ks\u00e9ge, a megp\u00e1ly\u00e1zott poz\u00edci\u00f3ra a tagj\u00e1v\u00e1 v\u00e1laszt.<\/p>\n<p>&nbsp;<\/p>\n<p>&nbsp;<\/p>\n<p><strong>Tev\u00e9kenys\u00e9ge:<\/strong><\/p>\n<ul>\n<li>C\u00e9g, vagy V\u00e1llalkoz\u00e1s regisztr\u00e1ci\u00f3ja eset\u00e9n a levelez\u0151 Tags\u00e1g csak a c\u00e9gvezet\u0151t \u00e9rinti.<\/li>\n<li>A levelez\u0151 tag hozz\u00e1sz\u00f3l\u00e1sokat, megjegyz\u00e9seket, kieg\u00e9sz\u00edt\u00e9seket, javaslatokat fogalmazhat meg, amelyeket minden esetben \u00edr\u00e1sban kell megtennie a Tagozat Vezet\u0151s\u00e9g\u00e9nek.<\/li>\n<li>A levelez\u0151 tag a Sz\u00f6vets\u00e9g \u00e9s a Tagozat k\u00f6zgy\u0171l\u00e9sein, \u00f6sszej\u00f6vetelein, rendezv\u00e9nyein r\u00e9szt vehet, hozz\u00e1sz\u00f3l\u00e1si, felsz\u00f3lal\u00e1si jogk\u00f6rrel azonban nem rendelkezik.<\/li>\n<li>A levelez\u0151 tag \u00e1ltal megk\u00fcld\u00f6tt \u00e9szrev\u00e9teleket, illetve javaslatokat a Tags\u00e1g eln\u00f6ks\u00e9g\u00e9nek \u00e9s a Tags\u00e1g vezet\u0151s\u00e9g\u00e9nek minden esetben figyelembe kell vennie.<\/li>\n<li>A levelez\u0151 tag munkacsoportban, csak tagozati eln\u00f6ks\u00e9gi enged\u00e9llyel vehet r\u00e9szt.<\/li>\n<\/ul>\n<p>&nbsp;<\/p>\n<p>A Levelez\u0151 tags\u00e1gra jelentkez\u0151 szem\u00e9lyt a titk\u00e1rs\u00e1g a d\u00edjfizet\u00e9st k\u00f6vet\u0151en nyilv\u00e1ntart\u00e1sba veszi, \u00e9s a nyilv\u00e1ntart\u00e1sba v\u00e9telr\u0151l elektronikus \u00fczenetet k\u00fcld a tag sz\u00e1m\u00e1ra. A tags\u00e1gi viszony kezd\u0151 id\u0151pontja a Levelez\u0151 tagok eset\u00e9ben az a nap, (tagd\u00edjfizet\u00e9st k\u00f6vet\u0151en) amelyen a Tagozati Eln\u00f6ks\u00e9g a tagg\u00e1 v\u00e1laszt\u00e1sr\u00f3l sz\u00f3l\u00f3 d\u00f6nt\u00e9st meghozta.<\/p>\n<p>&nbsp;<\/p>\n<p>&nbsp;<\/p>\n<h2>Ha szeretne tagja lenni az IFCFA Sz\u00f6vets\u00e9gnek, t\u00f6ltse ki az al\u00e1bbi jelentkez\u00e9si lapot:<\/h2>\n<p>&nbsp;<\/p>\n<p>[vfb id=6]<\/p>\n<p>&nbsp;<\/p>\n<p>A Sz\u00f6vets\u00e9gi tags\u00e1g folytat\u00e1s\u00e1hoz\u00a0a \u201c<strong>Login<\/strong>\u201d\u00a0\u00a0(jobb oldalon fel\u00fcl, a men\u00fcben) linkre kattintva regisztr\u00e1ljon saj\u00e1t adataival egy fi\u00f3kot. Az elk\u00e9sz\u00fclt fi\u00f3kj\u00e1ban m\u00e1r a<br \/>\n(a fejl\u00e9cben, a bal fels\u0151 r\u00e9szen)\u00a0 a\u00a0<strong>\u201cShop\u201d<\/strong>\u00a0gombra kattintva tudja kiv\u00e1lasztani a megfelel\u0151 tags\u00e1got, majd ez ut\u00e1n a megrendel\u00e9s\u00e9t a k\u00f6vetkez\u0151 d\u00edjfizet\u00e9si opci\u00f3k kiv\u00e1laszt\u00e1s\u00e1val teheti meg:<\/p>\n<ul>\n<li><strong>PayPal<\/strong>\u00a0<strong>fizet\u00e9ssel<\/strong>\u00a0&gt;\u00a0<em>(L\u00e9p\u00e9sek:\u00a0<strong>Csomag kiv\u00e1laszt\u00e1sa<\/strong>) &gt;\u00a0<strong>Fizet\u00e9s<\/strong>\u00a0(z\u00f6ld gomb) &gt; (Fizet\u00e9si m\u00f3d kiv\u00e1laszt\u00e1sa)\u00a0<strong>PayPal<\/strong>\u00a0&gt;\u00a0\u00a0<strong>Megrendel\u00e9s<\/strong>\u00a0(K\u00e9k gomb) &gt;\u00a0<strong>L\u00e9pjen be saj\u00e1t PayPal fi\u00f3kj\u00e1ba<\/strong><\/em><\/li>\n<li><strong>Bankk\u00e1rty\u00e1val<\/strong>\u00a0&gt;\u00a0<em>(L\u00e9p\u00e9sek: Csomag kiv\u00e1laszt\u00e1sa) &gt;\u00a0<strong>Fizet\u00e9s<\/strong>\u00a0(z\u00f6ld gomb) &gt; (Fizet\u00e9si m\u00f3d kiv\u00e1laszt\u00e1sa)\u00a0<strong>PayPal<\/strong>\u00a0&gt;\u00a0\u00a0<strong>Megrendel\u00e9s<\/strong>\u00a0(K\u00e9k gomb) &gt;\u00a0<strong>Fizet\u00e9s Hitelk\u00e1rty\u00e1val<\/strong>\u00a0opci\u00f3t kell v\u00e1lasztani<\/em><\/li>\n<li><strong>Banki utal\u00e1ssal<\/strong>\u00a0&gt;\u00a0<em>(L\u00e9p\u00e9sek: Csomag kiv\u00e1laszt\u00e1sa) &gt;\u00a0<strong>Fizet\u00e9s<\/strong>\u00a0(z\u00f6ld gomb) &gt; (Fizet\u00e9si m\u00f3d kiv\u00e1laszt\u00e1sa)\u00a0\u00a0<strong>Mail in Payment<\/strong>\u00a0&gt;\u00a0\u00a0<strong>Megrendel\u00e9s<\/strong>\u00a0(K\u00e9k gomb)\u00a0 opci\u00f3t kell v\u00e1lasztani.<\/em><\/li>\n<\/ul>\n<p><em>\u00a0 \u00a0 \u00a0 \u00a0 \u00a0 A fenti l\u00e9p\u00e9sekkel tudja megrendel\u00e9s\u00e9t az IFCFA<\/em>\u00a0Sz\u00f6vets\u00e9g\u00a0r\u00e9sz\u00e9re kiegyenl\u00edteni.<\/p>\n<p><strong>Amint a befizet\u00e9s meg\u00e9rkezik, k\u00fcldj\u00fck visszaigazol\u00e1sunkat az \u0171rlap helyes kit\u00f6lt\u00e9s\u00e9nek ellen\u0151rz\u00e9se v\u00e9gett. Amint az adatok helyess\u00e9g\u00e9r\u0151l megkaptuk \u00f6nt\u0151l a visszaigazol\u00e1st, a bel\u00e9p\u00e9si folyamatot elind\u00edtjuk, \u00e9s minden tov\u00e1bbi l\u00e9p\u00e9sr\u0151l t\u00e1j\u00e9koztat\u00e1st k\u00fcld\u00fcnk.<\/strong><\/p>","protected":false},"excerpt":{"rendered":"<p><p>Az IFCFA Sz\u00f6vets\u00e9g\u00a0tagj\u00e1v\u00e1 olyan term\u00e9szetes szem\u00e9ly, jogi szem\u00e9ly, jogi szem\u00e9lyis\u00e9ggel nem rendelkez\u0151 gazdas\u00e1gi t\u00e1rsas\u00e1g v\u00e1lhat, aki\/amely: V\u00e1llalkoz\u00e1s Ind\u00edt\u00e1s\u00e1val, C\u00e9galap\u00edt\u00e1ssal, Sz\u00e9khelyszolg\u00e1ltat\u00e1ssal, K\u00f6nyvel\u00e9ssel, B\u00e9rsz\u00e1mfejt\u00e9ssel, K\u00f6nyvvizsg\u00e1lati- \u00e9s Sz\u00e1mviteli tev\u00e9kenys\u00e9ggel foglalkozik. &nbsp; \u00d6nk\u00e9ntes alapon: \u2013 nyilatkozik a bel\u00e9p\u00e9si sz\u00e1nd\u00e9kr\u00f3l, \u2013 elfogadja\u00a0A Sz\u00f6vets\u00e9g\u00a0c\u00e9ljait, \u00e9s a\u00a0Tags\u00e1gi t\u00edpussal j\u00e1r\u00f3 k\u00f6telezetts\u00e9geket \u2013 fizeti az \u00e9ves tagd\u00edjat \u2013 akit az IFCFA Sz\u00f6vets\u00e9g Tagozati Eln\u00f6ks\u00e9ge,<\/p>\n<\/p>","protected":false},"author":5,"featured_media":0,"parent":0,"menu_order":0,"comment_status":"closed","ping_status":"closed","template":"","meta":{"footnotes":""},"class_list":["post-5398","page","type-page","status-publish","hentry"],"_links":{"self":[{"href":"https:\/\/ifcfa.org\/hu\/wp-json\/wp\/v2\/pages\/5398"}],"collection":[{"href":"https:\/\/ifcfa.org\/hu\/wp-json\/wp\/v2\/pages"}],"about":[{"href":"https:\/\/ifcfa.org\/hu\/wp-json\/wp\/v2\/types\/page"}],"author":[{"embeddable":true,"href":"https:\/\/ifcfa.org\/hu\/wp-json\/wp\/v2\/users\/5"}],"replies":[{"embeddable":true,"href":"https:\/\/ifcfa.org\/hu\/wp-json\/wp\/v2\/comments?post=5398"}],"version-history":[{"count":28,"href":"https:\/\/ifcfa.org\/hu\/wp-json\/wp\/v2\/pages\/5398\/revisions"}],"predecessor-version":[{"id":6084,"href":"https:\/\/ifcfa.org\/hu\/wp-json\/wp\/v2\/pages\/5398\/revisions\/6084"}],"wp:attachment":[{"href":"https:\/\/ifcfa.org\/hu\/wp-json\/wp\/v2\/media?parent=5398"}],"curies":[{"name":"wp","href":"https:\/\/api.w.org\/{rel}","templated":true}]}}

Levelező Tagság

<p><strong>Az IFCFA Szövetség</strong> tagjává olyan természetes személy, jogi személy, jogi személyiséggel nem rendelkező gazdasági társaság válhat, aki/amely: Vállalkozás Indításával, Cégalapítással, Székhelyszolgáltatással, Könyveléssel, Bérszámfejtéssel, Könyvvizsgálati- és Számviteli tevékenységgel foglalkozik.</p>
<p>&nbsp;</p>
<p><strong>Önkéntes alapon:</strong></p>
<p>– nyilatkozik a belépési szándékról,<br />
– elfogadja <strong>A Szövetség </strong>céljait, és a <strong>Tagsági típus</strong>sal járó kötelezettségeket<br />
– fizeti az éves tagdíjat<br />
– akit az IFCFA Szövetség Tagozati Elnöksége, a megpályázott pozícióra a tagjává választ<br />
– akit az IFCFA Szövetség Elnöksége, a megpályázott pozícióra a tagjává választ.</p>
<p>&nbsp;</p>
<p>&nbsp;</p>
<p><strong>Tevékenysége:</strong></p>
<ul>
<li>Cég, vagy Vállalkozás regisztrációja esetén a levelező Tagság csak a cégvezetőt érinti.</li>
<li>A levelező tag hozzászólásokat, megjegyzéseket, kiegészítéseket, javaslatokat fogalmazhat meg, amelyeket minden esetben írásban kell megtennie a Tagozat Vezetőségének.</li>
<li>A levelező tag a Szövetség és a Tagozat közgyűlésein, összejövetelein, rendezvényein részt vehet, hozzászólási, felszólalási jogkörrel azonban nem rendelkezik.</li>
<li>A levelező tag által megküldött észrevételeket, illetve javaslatokat a Tagság elnökségének és a Tagság vezetőségének minden esetben figyelembe kell vennie.</li>
<li>A levelező tag munkacsoportban, csak tagozati elnökségi engedéllyel vehet részt.</li>
</ul>
<p>&nbsp;</p>
<p>A Levelező tagságra jelentkező személyt a titkárság a díjfizetést követően nyilvántartásba veszi, és a nyilvántartásba vételről elektronikus üzenetet küld a tag számára. A tagsági viszony kezdő időpontja a Levelező tagok esetében az a nap, (tagdíjfizetést követően) amelyen a Tagozati Elnökség a taggá választásról szóló döntést meghozta.</p>
<p>&nbsp;</p>
<p>&nbsp;</p>
<h2>Ha szeretne tagja lenni az IFCFA Szövetségnek, töltse ki az alábbi jelentkezési lapot:</h2>
<p>&nbsp;</p>
<p>[vfb id=6]</p>
<p>&nbsp;</p>
<p>A Szövetségi tagság folytatásához a “<strong>Login</strong>”  (jobb oldalon felül, a menüben) linkre kattintva regisztráljon saját adataival egy fiókot. Az elkészült fiókjában már a<br />
(a fejlécben, a bal felső részen)  a <strong>“Shop”</strong> gombra kattintva tudja kiválasztani a megfelelő tagságot, majd ez után a megrendelését a következő díjfizetési opciók kiválasztásával teheti meg:</p>
<ul>
<li><strong>PayPal</strong> <strong>fizetéssel</strong> &gt; <em>(Lépések: <strong>Csomag kiválasztása</strong>) &gt; <strong>Fizetés</strong> (zöld gomb) &gt; (Fizetési mód kiválasztása) <strong>PayPal</strong> &gt;  <strong>Megrendelés</strong> (Kék gomb) &gt; <strong>Lépjen be saját PayPal fiókjába</strong></em></li>
<li><strong>Bankkártyával</strong> &gt; <em>(Lépések: Csomag kiválasztása) &gt; <strong>Fizetés</strong> (zöld gomb) &gt; (Fizetési mód kiválasztása) <strong>PayPal</strong> &gt;  <strong>Megrendelés</strong> (Kék gomb) &gt; <strong>Fizetés Hitelkártyával</strong> opciót kell választani</em></li>
<li><strong>Banki utalással</strong> &gt; <em>(Lépések: Csomag kiválasztása) &gt; <strong>Fizetés</strong> (zöld gomb) &gt; (Fizetési mód kiválasztása)  <strong>Mail in Payment</strong> &gt;  <strong>Megrendelés</strong> (Kék gomb)  opciót kell választani.</em></li>
</ul>
<p><em>          A fenti lépésekkel tudja megrendelését az IFCFA</em> Szövetség részére kiegyenlíteni.</p>
<p><strong>Amint a befizetés megérkezik, küldjük visszaigazolásunkat az űrlap helyes kitöltésének ellenőrzése végett. Amint az adatok helyességéről megkaptuk öntől a visszaigazolást, a belépési folyamatot elindítjuk, és minden további lépésről tájékoztatást küldünk.</strong></p>

<p><p>Az IFCFA Szövetség tagjává olyan természetes személy, jogi személy, jogi személyiséggel nem rendelkező gazdasági társaság válhat, aki/amely: Vállalkozás Indításával, Cégalapítással, Székhelyszolgáltatással, Könyveléssel, Bérszámfejtéssel, Könyvvizsgálati- és Számviteli tevékenységgel foglalkozik. &nbsp; Önkéntes alapon: – nyilatkozik a belépési szándékról, – elfogadja A Szövetség céljait, és a Tagsági típussal járó kötelezettségeket – fizeti az éves tagdíjat – akit az IFCFA Szövetség Tagozati Elnöksége,</p>
</p>
