{"id":5355,"date":"2018-06-20T10:29:23","date_gmt":"2018-06-20T10:29:23","guid":{"rendered":"https:\/\/ifcfa.org\/?page_id=5355"},"modified":"2018-06-20T14:15:01","modified_gmt":"2018-06-20T14:15:01","slug":"supporting-members","status":"publish","type":"page","link":"https:\/\/ifcfa.org\/hu\/supporting-members\/","title":{"rendered":"P\u00e1rtol\u00f3 Tagok"},"content":{"rendered":"<p><\/p>\n<h2>P\u00e1rtol\u00f3 azaz T\u00e1mogat\u00f3 Tags\u00e1g<\/h2>\n<p>A p\u00e1rtol\u00f3 tag<br \/>\n\u2013 A Sz\u00f6vets\u00e9g szerveibe nem v\u00e1laszthat \u00e9s nem v\u00e1laszthat\u00f3;<br \/>\n\u2013 A Sz\u00f6vets\u00e9g taggy\u0171l\u00e9s\u00e9nek d\u00f6nt\u00e9shozatal\u00e1ban csak tan\u00e1cskoz\u00e1si joggal vehet r\u00e9szt;<br \/>\n\u2013 k\u00f6teles betartani a Sz\u00f6vets\u00e9g Alapszab\u00e1ly\u00e1t, v\u00e9grehajtani a taggy\u0171l\u00e9s, a Bizotts\u00e1gok \u00e9s az eln\u00f6ks\u00e9g hat\u00e1rozatait.<\/p>\n<p>A Sz\u00f6vets\u00e9g p\u00e1rtol\u00f3 tagja \u00e9vente \u2013 a titk\u00e1rs\u00e1g \u00e1ltal meghat\u00e1rozott hat\u00e1rid\u0151re \u2013 a Sz\u00f6vets\u00e9g sz\u00e1ml\u00e1j\u00e1ra t\u00f6rt\u00e9nt \u00e1tutal\u00e1ssal k\u00f6teles megfizetni a Sz\u00f6vets\u00e9gbe t\u00f6rt\u00e9n\u0151 bel\u00e9p\u00e9skor \u00e1ltala v\u00e1llalt t\u00e1mogat\u00e1st.<\/p>\n<p>A sz\u00f6vets\u00e9g p\u00e1rtol\u00f3 tagj\u00e1nak az eln\u00f6ks\u00e9g azt a szem\u00e9lyt v\u00e1laszthatja, aki\/amely a sz\u00f6vets\u00e9g r\u00e9sz\u00e9re meghat\u00e1rozott \u00f6sszeg\u0171 t\u00e1mogat\u00e1s \u00e9venk\u00e9nti rendszeres megfizet\u00e9s\u00e9t v\u00e1llalja, \u00e9s els\u0151 t\u00e1mogat\u00e1s\u00e1t a sz\u00f6vets\u00e9g sz\u00e1ml\u00e1j\u00e1ra t\u00f6rt\u00e9n\u0151 \u00e1tutal\u00e1ssal megfizette. K\u00f6lts\u00e9gvet\u00e9si szerv a sz\u00f6vets\u00e9gnek nem lehet p\u00e1rtol\u00f3 tagja. A p\u00e1rtol\u00f3 tagot a titk\u00e1rs\u00e1g nyilv\u00e1ntart\u00e1sba veszi, \u00e9s a nyilv\u00e1ntart\u00e1sba v\u00e9telr\u0151l elektronikus \u00fczenetet k\u00fcld a p\u00e1rtol\u00f3 tag sz\u00e1m\u00e1ra.<\/p>\n<p>A tags\u00e1gi viszony kezd\u0151 id\u0151pontja sz\u00f6vets\u00e9gi tagok eset\u00e9ben az a nap, amelyen az Eln\u00f6ks\u00e9g a tagg\u00e1 v\u00e1laszt\u00e1sr\u00f3l sz\u00f3l\u00f3 d\u00f6nt\u00e9st meghozta.<\/p>\n<h2>Jelentkez\u00e9shez t\u00f6ltse ki az al\u00e1bbi \u0171rlapot:<\/h2>\n<p><\/p>","protected":false},"excerpt":{"rendered":"<p><p>P\u00e1rtol\u00f3 azaz T\u00e1mogat\u00f3 Tags\u00e1g A p\u00e1rtol\u00f3 tag \u2013 A Sz\u00f6vets\u00e9g szerveibe nem v\u00e1laszthat \u00e9s nem v\u00e1laszthat\u00f3; \u2013 A Sz\u00f6vets\u00e9g taggy\u0171l\u00e9s\u00e9nek d\u00f6nt\u00e9shozatal\u00e1ban csak tan\u00e1cskoz\u00e1si joggal vehet r\u00e9szt; \u2013 k\u00f6teles betartani a Sz\u00f6vets\u00e9g Alapszab\u00e1ly\u00e1t, v\u00e9grehajtani a taggy\u0171l\u00e9s, a Bizotts\u00e1gok \u00e9s az eln\u00f6ks\u00e9g hat\u00e1rozatait. A Sz\u00f6vets\u00e9g p\u00e1rtol\u00f3 tagja \u00e9vente \u2013 a titk\u00e1rs\u00e1g \u00e1ltal meghat\u00e1rozott hat\u00e1rid\u0151re \u2013 a Sz\u00f6vets\u00e9g<\/p>\n<\/p>","protected":false},"author":5,"featured_media":0,"parent":0,"menu_order":0,"comment_status":"closed","ping_status":"closed","template":"","meta":{"footnotes":""},"class_list":["post-5355","page","type-page","status-publish","hentry"],"_links":{"self":[{"href":"https:\/\/ifcfa.org\/hu\/wp-json\/wp\/v2\/pages\/5355"}],"collection":[{"href":"https:\/\/ifcfa.org\/hu\/wp-json\/wp\/v2\/pages"}],"about":[{"href":"https:\/\/ifcfa.org\/hu\/wp-json\/wp\/v2\/types\/page"}],"author":[{"embeddable":true,"href":"https:\/\/ifcfa.org\/hu\/wp-json\/wp\/v2\/users\/5"}],"replies":[{"embeddable":true,"href":"https:\/\/ifcfa.org\/hu\/wp-json\/wp\/v2\/comments?post=5355"}],"version-history":[{"count":3,"href":"https:\/\/ifcfa.org\/hu\/wp-json\/wp\/v2\/pages\/5355\/revisions"}],"predecessor-version":[{"id":5373,"href":"https:\/\/ifcfa.org\/hu\/wp-json\/wp\/v2\/pages\/5355\/revisions\/5373"}],"wp:attachment":[{"href":"https:\/\/ifcfa.org\/hu\/wp-json\/wp\/v2\/media?parent=5355"}],"curies":[{"name":"wp","href":"https:\/\/api.w.org\/{rel}","templated":true}]}}

Pártoló Tagok

<p></p>
<h2>Pártoló azaz Támogató Tagság</h2>
<p>A pártoló tag<br />
– A Szövetség szerveibe nem választhat és nem választható;<br />
– A Szövetség taggyűlésének döntéshozatalában csak tanácskozási joggal vehet részt;<br />
– köteles betartani a Szövetség Alapszabályát, végrehajtani a taggyűlés, a Bizottságok és az elnökség határozatait.</p>
<p>A Szövetség pártoló tagja évente – a titkárság által meghatározott határidőre – a Szövetség számlájára történt átutalással köteles megfizetni a Szövetségbe történő belépéskor általa vállalt támogatást.</p>
<p>A szövetség pártoló tagjának az elnökség azt a személyt választhatja, aki/amely a szövetség részére meghatározott összegű támogatás évenkénti rendszeres megfizetését vállalja, és első támogatását a szövetség számlájára történő átutalással megfizette. Költségvetési szerv a szövetségnek nem lehet pártoló tagja. A pártoló tagot a titkárság nyilvántartásba veszi, és a nyilvántartásba vételről elektronikus üzenetet küld a pártoló tag számára.</p>
<p>A tagsági viszony kezdő időpontja szövetségi tagok esetében az a nap, amelyen az Elnökség a taggá választásról szóló döntést meghozta.</p>
<h2>Jelentkezéshez töltse ki az alábbi űrlapot:</h2>
<p></p>

<p><p>Pártoló azaz Támogató Tagság A pártoló tag – A Szövetség szerveibe nem választhat és nem választható; – A Szövetség taggyűlésének döntéshozatalában csak tanácskozási joggal vehet részt; – köteles betartani a Szövetség Alapszabályát, végrehajtani a taggyűlés, a Bizottságok és az elnökség határozatait. A Szövetség pártoló tagja évente – a titkárság által meghatározott határidőre – a Szövetség</p>
</p>
